mmon factor of s and 117.
13
Suppose -60 = -2*q - l - 3*l, -105 = -5*q + 5*l. Let g = 602 + -338. Calculate the highest common factor of q and g.
24
Let c = 875 + -860. Suppose -y = -5*y + 660. Calculate the highest common factor of c and y.
15
Let b = 8 - 3. Suppose -b*f = -38 - 22. What is the greatest common factor of 132 and f?
12
Suppose -s + 4*b = -3*s - 16, 0 = -3*s - b + 1. Suppose 0 = 3*w - 378 + 18. Suppose s*x = 5*x - w. Calculate the greatest common factor of 16 and x.
8
Suppose -17*n + 12 = -13*n. What is the highest common factor of n and 12?
3
Let w(k) = 3*k + 22. Let l be w(-7). Suppose -3*p = -6*p + 3. Calculate the highest common factor of l and p.
1
Suppose -29*w + 35*w - 18 = 0. Calculate the highest common factor of w and 48.
3
Suppose -4*o = -2*s + 36, 4*s = 3*s + 5*o + 24. Let g = 10 - 6. Suppose t = 5*a - 3, -4*t = -0*a - g*a - 4. What is the highest common factor of t and s?
2
Let v(o) = o**3 - 20*o**2 + o + 19. Let s be v(20). Calculate the highest common divisor of 273 and s.
39
Let l be 3/(-1) - (-1 - 66). Calculate the highest common divisor of 160 and l.
32
Suppose 45 = 5*p + 5*j, 3*j + 8 = -3*p + 7*p. Suppose -s + 0*s + 4 = p*d, 0 = -4*s + d + 16. What is the highest common factor of s and 2?
2
Suppose -75 + 19 = -b. Calculate the greatest common divisor of 140 and b.
28
Let k be (4/(-6))/(1/(-30)). Let v = 337 + -237. What is the greatest common factor of k and v?
20
Suppose -16 = -2*h - 4*q - q, 3*q = 5*h - 102. What is the greatest common factor of h and 162?
18
Let c be (2/2 - 2) + 99. Let t = -68 + c. Let j = -58 + 103. What is the greatest common factor of j and t?
15
Suppose 6*w - w - 35 = -m, -5*w = 4*m - 20. Let i be (0 - -1)*4*8. Calculate the highest common factor of w and i.
8
Let b = 9 + 1. Calculate the highest common factor of 5 and b.
5
Suppose 2*i = 4 - 6. Let o be (-9)/(i + (-2)/4). What is the greatest common divisor of o and 42?
6
Let r(i) = -22*i. Let k be r(-1). Suppose 616 = -223*d + 227*d. Calculate the highest common divisor of k and d.
22
Let g be (8 + -7)/(1/26). What is the greatest common factor of 65 and g?
13
Suppose 5*c = -10 + 55. What is the greatest common divisor of c and 117?
9
Suppose -2*q - 14 = 2*z, -3*z + 56 = -4*q - 0*z. Let i be 2/q + (-114)/(-22). What is the highest common divisor of 35 and i?
5
Suppose -w = 3*m - 830, 2*m + 3*w - 832 = -288. Suppose c + 4*c = -4*r + m, 5*c = r - 82. What is the greatest common factor of r and 9?
9
Let n(w) = -2*w**3 - w**2 - w + 1. Let v be n(-2). Calculate the greatest common factor of 60 and v.
15
Let r = 64 + 90. Let h(o) = -o**2 + 7*o - 8. Let k be h(6). Let s be (33/3 - k) + 1. Calculate the greatest common divisor of s and r.
14
Let j = -11 + 25. What is the highest common divisor of j and 7?
7
Suppose 0 = -4*l + 15 + 5. Let x = 0 - -2. What is the highest common divisor of x and l?
1
Let n be ((-102)/(-30) - 5)/((-1)/10). Suppose -s + 118 = 5*j, 0*s - 5*s = -4*j - 648. What is the highest common divisor of s and n?
16
Let x be -2*(1 - -23)/(-3). Suppose 4*p - 5*p + 176 = 0. What is the greatest common factor of p and x?
16
Let f = -388 - -766. Calculate the highest common divisor of 42 and f.
42
Suppose -64 - 170 = -3*n. Let t = 144 - n. What is the highest common divisor of t and 6?
6
Let r(h) = h**3 + 7*h**2 + 6*h + 5. Let n be r(-6). Suppose 0 = 2*a - 5 + 3. Let x = a + n. Calculate the highest common factor of x and 48.
6
Let p(l) = l**3 + 10*l**2 - 2*l - 1. Let r be p(-10). Let m = 31 - -26. What is the greatest common divisor of m and r?
19
Suppose h + 24 = 3*q, 0*h - 20 = -5*q - 5*h. Let z be (18/(-15))/((-4)/70). What is the highest common divisor of q and z?
7
Suppose -2*z = 2*j - 22, -z - 1 = -j + 2. Let i be (-194)/(-4) + (-2)/(-4). What is the highest common factor of j and i?
7
Let m = 180 - 125. Suppose 7 = -2*s + 3*s. Let f = -2 + s. Calculate the greatest common divisor of f and m.
5
Suppose -x + 23 = 2*x + 2*r, 0 = 5*x - 3*r - 32. Let i = -13 + x. Let s(a) = -a**2 - 7*a - 3. Let q be s(i). Calculate the greatest common divisor of 6 and q.
3
Let f(l) = -18*l - 16. Let j be f(-7). What is the highest common factor of 44 and j?
22
Suppose 3*l = 6*l + 27. Let o = -6 - l. Suppose -o*g + 5*y = -49, 2*y - 6*y = -2*g + 34. Calculate the greatest common divisor of 91 and g.
13
Let g = 8 - 4. Suppose 2*r + g = r. Let x be r*15/6*-4. What is the greatest common divisor of 10 and x?
10
Suppose 0 = -3*l + 5*l + 5*c - 41, -5*l = 2*c - 113. What is the highest common divisor of 23 and l?
23
Let c(r) = r + 2 + 5 + 0 - 2. Let f be c(0). Let u be 2/6 - 328/(-6). What is the greatest common divisor of f and u?
5
Let c(i) be the second derivative of -3*i + 0 - 1/20*i**5 + i**2 - 1/6*i**3 - 1/3*i**4. Let z be c(-5). Calculate the highest common divisor of 16 and z.
16
Let t be (-9)/3*(-8)/6. Suppose t = 2*y - 12. Let p be 6/24*(-4)/(-1). Calculate the greatest common factor of p and y.
1
Let s(g) = -259*g**2 - g. Let t be s(1). Let x be t/(-16) - 1/4. Let f = x + -6. What is the highest common factor of 2 and f?
2
Let c = 302 - 203. Calculate the greatest common factor of c and 11.
11
Let u(j) = -7*j + 1. Let a be u(-1). Suppose 2*g + 74 = 4*o, -2*o + 7*o = -3*g + 109. Calculate the greatest common divisor of o and a.
4
Let t = -15 + 60. What is the greatest common divisor of t and 9?
9
Suppose f = -f, -4*f + 480 = 2*w. What is the highest common factor of 30 and w?
30
Let r(m) be the first derivative of m**3/3 + 3*m**2 - 6*m + 8. Let c be r(-7). Calculate the highest common factor of 8 and c.
1
Let m(k) be the third derivative of 2*k**5/15 + 3*k**2. Suppose 6*l = l - 5. Let t be m(l). What is the greatest common factor of t and 1?
1
Suppose 4*d - 149 - 91 = 0. What is the highest common factor of 24 and d?
12
Suppose 2*f - 5*z = -2*z - 5, -5*z + 11 = -2*f. Suppose 2*j - 26 = -4*l, -4*l + 29 = j - f*j. Calculate the greatest common divisor of 28 and l.
7
Suppose -5*u = -19 - 11. What is the greatest common divisor of u and 54?
6
Suppose -4*h = 2*x - 40, 4*x - 160 = -x + 5*h. What is the highest common factor of x and 7?
7
Suppose 25 = 3*w - 11. What is the greatest common divisor of w and 4?
4
Suppose -172 = -s - 2*p, -s = -0*p - p - 172. Suppose -6*a = -422 - s. Calculate the highest common factor of 9 and a.
9
Suppose -4*z - 2*p = -24, 4*z - 24 = -3*p - 2*p. Let b = -35 + 59. Let n = b - z. Calculate the greatest common factor of 12 and n.
6
Let o = 37 + -9. Suppose -3*k = 4*a - 16, 3*a - 5 - o = -4*k. What is the highest common factor of 3 and k?
3
Let b be 10310/(-18) + 4/(-18). Let o = b + 875. Suppose -o = -3*l - 77. What is the highest common factor of 30 and l?
15
Suppose i - 40 = n, -3*i + 112 = 2*n - 8. Let q(k) = k**3 - k - 2. Let l be q(2). Calculate the greatest common divisor of l and i.
4
Suppose 0 = -2*b - m + 9, -4*b = 5*m - 18 - 9. Suppose 4*u = b*t - 13, t - 3*u = 2*u - 3. What is the greatest common factor of t and 7?
7
Let j be 1 + 6/4*4. Let v(d) = 2*d - 10. Let t be v(j). Suppose -w = -5*u + 218, 8*w - 3*w = 5*u - 210. Calculate the highest common divisor of t and u.
4
Let j(m) = -2*m**3 - 7*m**2 - 6*m - 6. Let q be j(-4). Suppose -4*s = q - 98. Let l be s/1 - (-3 + 3). What is the highest common factor of 144 and l?
16
Let f = 1 - 3. Let v = f - -5. What is the greatest common divisor of 24 and v?
3
Suppose -6*b - 870 = -0*b. Let q = -37 - b. Calculate the highest common factor of 18 and q.
18
Let c be 48*((-92)/(-8) + -5). What is the highest common divisor of 13 and c?
13
Let c = -1354 + 2009. Suppose -5*d - c = -5*t, 2*t + 3*t = -d + 625. Suppose 22 = -i + t. Calculate the highest common divisor of i and 13.
13
Suppose 8*b + 45 = 5*b. Let j be -1*(b - (-1)/1). What is the highest common factor of 112 and j?
14
Let s = 18 + -4. Suppose -5*l = 6*x - 2*x - 12, x - 10 = -3*l. Suppose l*y - 291 - 325 = 0. What is the greatest common divisor of s and y?
14
Let j(q) = -6*q - 13. Let i be j(-3). What is the highest common divisor of 15 and i?
5
Suppose 2*q = 5*q + 2*g - 96, 4*q - g - 128 = 0. Suppose 0 = -2*h + 4*h - q. What is the highest common divisor of 176 and h?
16
Let a be ((-14)/21)/(4/(-114)). Calculate the highest common factor of 57 and a.
19
Suppose -5*o - 12 = 3*t - 2*o, 4*o - 32 = 4*t. Let j(w)